 tens digit of z(-29)?
3
Suppose 8*v + 2 = 6*v + 2*r, 5*v = -5*r + 5. Suppose v = 24*i - i - 16353. What is the units digit of i?
1
Suppose -261*l + 11149584 = -255*l. What is the thousands digit of (-16)/7 + 2 - l/(-889)?
2
Let n(b) = 45*b**2 - 70*b + 41. What is the tens digit of n(5)?
1
Let h(l) be the second derivative of -5*l**5/4 + 5*l**4/12 + l**3/6 - 9*l**2 + 114*l. What is the tens digit of h(-4)?
5
Suppose -84*f - 129*f = -44*f - 1197196. What is the thousands digit of f?
7
Suppose -4*c - 2*g = -20, 8*g - 5 = 5*c + 3*g. Suppose -m - 8 = -c*m, -1244 = -4*t + m. Suppose 6*q - t = -0. What is the tens digit of q?
5
Let a be (12/14)/((-39)/273). What is the tens digit of 44506/85 + 5/((-75)/a)?
2
Let r be (-5 + (-1 - 1))/(-1) + 1. Let l(d) = -d**2 + 9*d - 10. Let n be l(r). What is the units digit of 4/(-20)*-191 + n/10?
8
Suppose 5*z = -l + 13337, -33*z = -30*z - l - 7991. What is the tens digit of z?
6
Let t be (2 - -4)/(40/(-8) + 7). What is the tens digit of 1368/t + 108/18?
6
Suppose 46*l - 108872 = 332544. What is the thousands digit of l?
9
Let z(u) = 5*u - 2. Let k(a) = -4*a - 8. Let d(i) = k(i) - 2*z(i). Suppose -4*j - 12 = -2*j. What is the units digit of d(j)?
0
Let s be (1506/18)/(1/24) - 4. Let n = 2838 - s. What is the hundreds digit of n?
8
Let z(y) = -2*y**3 + 2*y**2 + 3*y - 1. Let f be z(3). Let v = -3846 + 3941. Let x = f + v. What is the tens digit of x?
6
Let z = -221 - -2477. What is the tens digit of (15/(-4))/((-18)/z)?
7
Let n = -5 + 8. Suppose -n*o - 18 = -30. Suppose o*f + 70 = 6*f. What is the tens digit of f?
3
Let y(l) = 87*l**3 - 8*l**2 + 49*l - 16. What is the hundreds digit of y(5)?
9
Let d(i) = 123*i**2 - 2*i - 2. Let n = 191 - 190. What is the tens digit of d(n)?
1
Suppose 7*t - 34*t + 10*t = -379015. What is the tens digit of t?
9
Let s be (8/(-18))/(10/(-45)). Let g be (-11)/((1 + s)/(-321)). Suppose -g = -5*m - 6*m. What is the units digit of m?
7
Let c(q) be the first derivative of -q**5/15 - 19*q**4/24 + 40*q**3/3 + 10. Let x(l) be the third derivative of c(l). What is the units digit of x(-5)?
1
Let t = 3328 - -14818. What is the ten thousands digit of t?
1
Let g = 38658 + -15999. What is the units digit of g?
9
Let u = 232 - 220. Suppose 7*j = -u*j + 13908. What is the tens digit of j?
3
Let k(n) = -166*n - 411. Let q(m) = -86*m - 205. Let j(o) = -3*k(o) + 5*q(o). What is the units digit of j(13)?
2
Let o = -2566 + 3591. What is the units digit of o?
5
Let s(f) = 78*f - 4. Let u(i) = 78*i - 3. Let k(r) = -2*s(r) + 3*u(r). Let h be k(1). Let w = h - 60. What is the tens digit of w?
1
Suppose 14*t - 111265 = 7*t + 22785. What is the thousands digit of t?
9
Let a = 707 - 397. Let c(y) = 20*y**2 + 7*y + 3. Let r be c(-5). Let p = r - a. What is the tens digit of p?
5
Let r(w) = -2*w**3 + 23*w**2 - 13*w + 22. Let q be r(11). Suppose 9*g - 1023 - 1110 = q. What is the hundreds digit of g?
2
What is the thousands digit of (-34)/(-221) + (-18419)/(-13)?
1
Suppose 18 = 4*b - m - 7, -4*m = -4*b + 28. Suppose -2 + b = 4*p. What is the units digit of (3 - -1)*(p + 1)?
8
Suppose -5*x - r + 333148 - 56419 = 0, -5*r = -x + 55377. What is the ten thousands digit of x?
5
Let a(p) = -p**3 + 22*p**2 - 10*p - 9. Let z(o) = -o**2 + o - 2. Let c(r) = a(r) + 5*z(r). What is the hundreds digit of c(13)?
5
Let o(s) = 23*s**3 - 6*s**2 + 61*s - 110. What is the units digit of o(7)?
2
Suppose -39*h = 3*b - 35*h - 18916, -5*h + 18917 = 3*b. What is the units digit of b?
4
Suppose 4*q = 415 + 585. What is the hundreds digit of (-9 + -1)/(-5)*q?
5
Suppose 205 = -11*z - 873. Let y = 132 + z. What is the tens digit of y?
3
Suppose -468 = 3*c + m - 80, -2*c = -2*m + 256. Let a = c + 577. What is the units digit of a?
8
Let o(z) = -3*z**2 - 6*z - 5*z**2 - 10 + 34*z**2. Suppose 1932*x = -4*f + 1933*x - 17, 10 = -5*f - x. What is the hundreds digit of o(f)?
2
Suppose -y + d = 4*y - 11, -4*y = -2*d - 4. Suppose 218 = c - x, -y*c + c + 3*x + 440 = 0. What is the hundreds digit of c?
2
Suppose -113*w + 4740972 = 49*w + 129*w. What is the ten thousands digit of w?
1
Let f be ((-4670)/(-6) - 4/3) + 4. Suppose -2*c = 9*c + f. Let i = 178 + c. What is the units digit of i?
7
Let d = -50482 + 137260. What is the thousands digit of d?
6
Let z(j) = -78*j + 2092. What is the thousands digit of z(11)?
1
Let a be (-10 + 19)/(3/(-92)). Let w = 468 + a. Suppose w = 2*y - 256. What is the units digit of y?
4
Let s = -8 - -92. Suppose 3*j + 2 = -28. Let r = s - j. What is the units digit of r?
4
Let g be 39/(-6)*(-20)/10. Let r(z) = -21 - 5*z + 30*z**3 + g + 7 + z**2. What is the tens digit of r(2)?
3
Suppose 0 = -2*b - u + 4943, -4*b + 1118*u + 9889 = 1117*u. What is the thousands digit of b?
2
Let r be 2/(-6) - 2643/(-45)*-5. Let u = r + 493. What is the units digit of u?
9
Let j = 46 - -92. Suppose -281 = 4*x + 47. Let c = x + j. What is the units digit of c?
6
Suppose -123968 = -7*t - 7*t + 118610. What is the ten thousands digit of t?
1
Let b = 4158 + 2363. What is the hundreds digit of b?
5
Suppose 5*y - 67 = 3*t + y, 0 = t + 3*y + 18. What is the units digit of 139/(t/(-6) - 3)?
8
Let j(a) = 585*a**2 - 4*a - 17. What is the units digit of j(-5)?
8
Suppose 10*d - 16 = 6*d. Suppose -d*t + 73 = 61. Suppose -430 = -3*w + 4*m, 440 = t*w - m + 2*m. What is the tens digit of w?
4
Suppose 0 = -o + u + 2188, 4*o + 3*u + 1407 = 10117. What is the tens digit of o?
8
Let i(m) = 48*m**2 + 190*m - 2347. What is the units digit of i(12)?
5
Let b be 2/((-2)/32*-4*-2). Let x be (b/(-14))/(26/91). Suppose x = -i + 53. What is the units digit of i?
2
Suppose 0 = -6*z + 282 + 1146. Let g = -133 + z. What is the hundreds digit of g?
1
Suppose -4*c = -14*j + 15*j + 8, 3*c - 9 = 3*j. Suppose 4 + 5 = 3*x. What is the units digit of (x - (3 - 43)) + j?
9
Let p be 2 - 0*5/(-8 - 2). What is the hundreds digit of (6 - 4311/45)/(p/(-10))?
4
Let i = 2841 + -1334. What is the units digit of i?
7
Let q(m) = 184*m**2 + 178*m**2 + 90 - 333*m**2 + 13*m. What is the hundreds digit of q(-5)?
7
Let w be (3 - -1)/(14 + 206/(-15)). Let m(p) be the second derivative of p**4/12 + p**3/2 - 16*p**2 + 2*p. What is the hundreds digit of m(w)?
2
Let x(c) = -17*c**2 + 14 + 18*c**3 - 6*c - 21*c**2 + 36*c**2. What is the hundreds digit of x(2)?
1
Suppose 952 = -21*c + 112. What is the tens digit of (-10930)/c - ((-27)/(-12) - 2)?
7
Suppose -6*a = -5*a + 3. Let r be (a/6)/(2/12). What is the units digit of (-3 - r) + -2 + 69?
7
Suppose 2762 = 3*u + 5*t, 4*u + t = 5298 - 1604. Let v = u - 544. What is the hundreds digit of v?
3
Let h(a) = -a**3 + 7*a**2 + 4*a - 26. Let v be h(7). Suppose 0 = r - v*t - 205, 2*t - 1001 = r - 6*r. What is the tens digit of r?
0
Let i(y) = -21*y + 1. Let t be i(-2). Suppose -2*a = -t - 383. What is the units digit of a/18*2*3?
1
Let j(t) be the second derivative of 43*t**3/3 + 2*t**2 - 2*t + 26. What is the tens digit of j(11)?
5
Let c = 327 - 171. What is the hundreds digit of ((-45)/(-6))/(6/c)?
1
Suppose 19*n = 3*n + 25921 + 36207. What is the tens digit of n?
8
Let n(b) = 3*b**2 + 23*b + 536. What is the units digit of n(51)?
2
Let z = -160 + 155. What is the hundreds digit of -1 - z - -434 - (2 - -1)?
4
Let u(o) = o**3 + 9*o**2 - 40*o - 23. Let f be u(-12). What is the hundreds digit of 1334*(3 + f/(-10))?
6
Let v(g) = g**3 - 4*g**2 + 8*g - 2. Let l(c) = c**2 + 3*c + 4. Let n be l(-1). What is the units digit of v(n)?
6
Let u be (388/10)/2 - 3/(-5). Suppose -i + 2*v = 0, i = 5*i + 2*v - u. Suppose 0 = -2*b + 6*g - g + 26, -b + 10 = -i*g. What is the units digit of b?
8
Let a be (2/(-1))/(-2 + (-3)/(-2)). Suppose 4*l + 1286 = -5*s, -5*s + a*l - 509 = 785. What is the tens digit of s/(-5) - 12/20?
5
Let z(w) = -65*w - 55 - 75*w + 157*w. What is the units digit of z(4)?
3
Suppose 16*k = 11*k - 1880. Let b = k + 698. What is the units digit of b?
2
Let b = 29 - 27. Suppose b*j = 3*t + 5, -6*t = -5*j - t + 15. Suppose 0 = -j*x - 2*x + 798. What is the tens digit of x?
3
Let k(s) = 51 + 5*s + 57 + 4. What is the units digit of k(0)?
2
Let a = -396 + 390. Let q(n) = -22*n + 33. What is the tens digit of q(a)?
6
Suppose 4*v - 3*j - 4 = 0, v = 3*j + 2*j + 18. Let c(a) = -3*a**2 - 8*a + 2. Let s be c(v). Suppose 0 = s*z - 885 - 165. What is the units digit of z?
5
